85. Suppose 5*b = 140 - w. What is the greatest common divisor of b and q?
19
Suppose 22*w = 18*w + 256. Calculate the highest common divisor of 864 and w.
32
Let u be (5/(-2) + 3)*(2 + 228). Let d be 2/9 - u/(-9). Let f(w) = -13*w**3 - w**2 - w. Let c be f(-1). What is the highest common factor of c and d?
13
Let d = 878 + -853. Suppose 6*m - 7*m + 75 = 0. What is the highest common factor of d and m?
25
Suppose -27*x + 26*x = -h + 182, -5*h - 2*x + 931 = 0. What is the greatest common divisor of 74 and h?
37
Suppose 2*v - 3*m + 18 = -v, 2*v - 3*m = -13. Let x(f) = f**3 + 6*f**2 + 3*f - 8. Let s be x(v). Calculate the highest common factor of s and 1.
1
Suppose -v - 3*l + 2112 = 0, 3*v + 5*l - 6308 = 3*l. Let i be ((-4)/(-6) + -1)/((-70)/v). Calculate the greatest common factor of 10 and i.
10
Let j(a) = a**3 + 4*a**2 - a + 4. Let i be j(-4). Suppose -462 - 50 = -i*m. Suppose 2*h + 3*h - 80 = 0. What is the highest common divisor of m and h?
16
Let t be -11*(2 - (-1 + 8)). Let i = -511 + 516. What is the highest common divisor of i and t?
5
Let j(m) = m**3 + 28*m**2 + 23*m - 84. Let g be j(-27). Calculate the greatest common divisor of g and 588.
12
Let x be 1/(-4) + 155/(-4). Let y be x/(-15) + 2/5. Suppose -y*a + 297 = -0*a. What is the highest common factor of 9 and a?
9
Suppose -5*t = -6*v + 2*v + 883, v + 361 = -2*t. Let p be -7 - (-4944)/18 - 4/6. Let h = t + p. Calculate the greatest common divisor of 11 and h.
11
Let l = -2059 + 2449. Calculate the highest common divisor of l and 12.
6
Let a(r) = r**3 - 8*r**2 + 10*r - 15. Let t be a(7). Let s be (3/2)/(6/40). Let o be (s/8)/(t/96). Calculate the highest common divisor of o and 20.
20
Let b(a) = -89*a + 308. Let y be b(-15). What is the highest common divisor of 31 and y?
31
Let x be 1 + 2*14/4. Suppose -252 = -3*o - 6*o. Let s = o + 12. Calculate the highest common factor of s and x.
8
Suppose 52 = 3*k - 11. Suppose 7 + k = 4*y. Let d(m) = -m**3 + 7*m**2 + 2*m - 6. Let w be d(y). Calculate the greatest common divisor of 8 and w.
8
Let x(h) = 2*h - 3. Let k be x(3). Suppose k*p = -w + 27 - 5, -54 = -3*w - 5*p. What is the greatest common factor of 26 and w?
13
Let c be 3 + (-1)/(-2)*8. Suppose 0 = c*o - 18*o + 1936. What is the greatest common factor of 11 and o?
11
Let u(j) = -2*j + 4. Let o(w) = w - 7. Let t be o(11). Suppose -t*z - 10 = 6. Let v be u(z). Calculate the greatest common factor of v and 132.
12
Let m be (-2)/(-42)*-2 - (-23548)/294. Calculate the greatest common divisor of 1320 and m.
40
Let c be (-2)/81*-9 - (-1040)/18. Let x be c/(-87)*(-6)/4. Calculate the greatest common factor of 13 and x.
1
Let l be 8685/540 - (-1)/(-12). Suppose 0*r - 3*r + 3 = 0. Suppose 2*t - r = 3. What is the greatest common factor of l and t?
2
Let h be (2105 - (1 - 0)) + -1. Suppose 5*m + 2*w = 828 - h, 0 = 4*w. Let g = 380 + m. Calculate the greatest common divisor of 25 and g.
25
Let a(z) = -z**3 - 33*z**2 - 91*z - 19. Let v be a(-30). Calculate the greatest common factor of 517 and v.
11
Suppose -16 = 4*z, b + z - 6 = 4. Suppose 0 = 3*w - 5*s - 111, -4*w - 2*s + 216 = w. What is the greatest common factor of w and b?
14
Let g be -59 + (7/21 - 7/3). Let s = 65 + g. What is the greatest common factor of 4 and s?
4
Let h(d) = d**2 - 6*d - 1. Let s be h(8). Let l be 32/40*s/2. Suppose 2*q + 16 - l = 0, 4*q = -3*p + 118. Calculate the greatest common divisor of 69 and p.
23
Let z(i) = -2*i + 14. Let g be z(6). Suppose 0*r + g*r = -3*a + 26, 3*r = -4*a + 34. Suppose -2*v + 6 = v. What is the greatest common divisor of a and v?
2
Let i = -98 + 251. Let y be ((-40)/15)/((-2)/i). Let f be ((-18)/8)/((-3)/y). Calculate the greatest common divisor of 17 and f.
17
Let c = 881 - 872. What is the highest common factor of c and 225?
9
Let i(f) = -23*f - 25. Suppose -5*b = 3*k + 25, -7*b + 15 = -10*b + 3*k. Let o be i(b). What is the greatest common divisor of 10 and o?
10
Let a be ((-61)/2 + -4)/(7/(-98)). Calculate the greatest common factor of a and 84.
21
Suppose 2*s - 7*s - 15 = 0, 5*s = 4*l - 87. What is the highest common divisor of 24 and l?
6
Let n = -31 + 59. Let s be 172/12 - 1/3. What is the highest common factor of n and s?
14
Suppose 26 + 58 = 3*p. Calculate the highest common factor of p and 35.
7
Let s = -268 + 292. Let k = -13 + 21. Calculate the highest common divisor of k and s.
8
Suppose -3*i + 3*r + 369 = 33, 20 = 5*r. What is the highest common factor of 87 and i?
29
Let q be (87 - 0 - 0)/(321/214). What is the highest common divisor of q and 1363?
29
Let o(v) = v + 1. Let f be o(2). Suppose f*y - x = 163, -5*x + 285 = 6*y - y. Calculate the highest common divisor of 22 and y.
11
Suppose 12 - 4 = t. Suppose -t - 4 = 4*p. Let q be 2 - (p + 4) - -5. What is the highest common divisor of q and 3?
3
Suppose -2000 = 12*f - 20*f. What is the highest common factor of f and 20?
10
Let n = -7 - -13. Let p be (-52)/8 + 3/2. Let z be (-2 - -5)*(-10)/p. What is the greatest common divisor of z and n?
6
Suppose 0*s + 18 = 3*s. Suppose s*m - 420 = 3*m. Calculate the greatest common divisor of m and 20.
20
Let k = 129 - 69. Suppose 80 = -21*x + 23*x. Calculate the greatest common factor of k and x.
20
Let j(a) = 15*a**2 + 58*a - 58. Let d be j(1). Let m(r) = -4*r - 4. Let k be m(-6). What is the highest common factor of d and k?
5
Let y be ((-16)/24)/(1/(-24)). Suppose -4 = -3*t - 4*s, 5*s - 6*s = t - 3. Calculate the greatest common divisor of t and y.
8
Suppose -3*r + 5*k = -112, 16*r - 11*r + 4*k = 125. Calculate the greatest common divisor of 58 and r.
29
Let x = 18 - 14. Suppose 4*r = -r - x*f + 5, 4*r = -2*f + 10. Suppose 4*b - 5*v = 24, -2*b + r + 5 = -3*v. Calculate the highest common divisor of b and 33.
11
Let h(p) = p - 1. Let m be h(4). Suppose m*i = 1 + 5. Suppose -15 = 5*s + 10, k + i*s = 9. Calculate the highest common divisor of k and 76.
19
Let x be -103*(-4)/3*2025/270. Calculate the highest common factor of 10 and x.
10
Let w be 84/1 - (-5 + -3). What is the highest common divisor of w and 1012?
92
Let y be (0/2 - 2)/(4 + -6). Calculate the greatest common factor of 5 and y.
1
Let l(i) = -i**2 + 137. Let a be l(0). Suppose 10*j = a + 3. What is the highest common divisor of j and 70?
14
Suppose 18 = 5*o - 12. Let x be o/(-33) - (-532)/22. Suppose 2*w + w = 48. What is the highest common divisor of x and w?
8
Let o be (-930)/(-4)*((-336)/36)/(-14). What is the greatest common divisor of o and 10?
5
Let s(l) = 4*l**2 + 65*l + 27. Let b be s(-18). Calculate the greatest common factor of 9 and b.
9
Let s = 1369 + -1365. Calculate the highest common factor of 47 and s.
1
Suppose 51*o - 50100 = -18939. Calculate the greatest common divisor of o and 47.
47
Let a(j) = j**2 + j + 47. Let i be a(12). What is the highest common divisor of i and 7?
7
Let z = -32 - -52. Let q be z*3/(15/2). Let p(x) = x**3 - 8*x**2 + 6. Let c be p(q). What is the greatest common factor of 3 and c?
3
Let h(l) = l**2 - 9*l. Let k be h(4). Let z be 1/(-2 - k/8). Let x be z*(-1)/((-2)/34). What is the highest common divisor of x and 85?
17
Let v = 2276 - 2251. Calculate the highest common factor of v and 3775.
25
Let a be 58/2 - (9 + -8). Let i = -23 - -30. Suppose -2*o + i = -21. What is the highest common factor of o and a?
14
Let z = 53 + -36. Suppose t - 52 - z = 0. What is the greatest common divisor of 46 and t?
23
Let l be -117 - 3 - 4/(-1). Let w be 2/(-3) - l/3. Suppose -4*y + w = d, d - 8 = -2*y + 26. What is the greatest common factor of 90 and d?
30
Let x = 135 + -91. Let t = 14 + 19. Calculate the greatest common factor of t and x.
11
Let g be (0 - (-8)/(-24))/((-2)/618). Let o = g - 89. What is the highest common divisor of o and 70?
14
Let s = -21 + 41. Suppose 6*n + 437 = 59. Let o = 37 - n. Calculate the greatest common factor of o and s.
20
Suppose -k + 1 = -8. Let j be (-366)/(-18) - (-15)/k. What is the highest common factor of 242 and j?
22
Let g be 42/9*(-24)/(-28). Suppose 6*h - g*f = 2*h + 12, -f = 5*h - 3. Let l be h*(-4 + 1) - -9. Calculate the greatest common divisor of l and 42.
6
Suppose 11*a + 3*l - 100 = 192, -122 = -5*a + 4*l. Let x be ((-4)/10)/((-2)/10). What is the highest common factor of x and a?
2
Let m = 1106 - -251. Calculate the highest common factor of m and 23.
2